ppose -8*t = -f*t - 7700. Suppose j - 5*h = -4*j + t, 0 = j - 3*h - 310. Is j a composite number?
False
Let w(j) = -j**3 - 42*j**2 - 118*j - 40. Let f be w(-39). Is f/(-1)*(2495 - -26) prime?
True
Let w be 2904/(-4)*728/(-12). Suppose 0 = 27*b - w - 82883. Is b prime?
False
Let p = 305732 - 186591. Is p prime?
False
Let b be (-16)/6 - (-22)/33 - -42881. Is b/15 + 4*5/50 composite?
True
Suppose 0 = 22*q - 21*q. Suppose q*x = -5*x + 1075. Is x + 2/(-3) + 2/3 prime?
False
Suppose -3*s + 11*s - 448 = 0. Let q = 72 - s. Let d(c) = 4*c**2 + 5*c - 17. Is d(q) a composite number?
False
Let s be (-12)/(-4) - (6*1 + 0). Let h be (-6)/(-3 + (-12)/s). Is (5835/h + -2)*-2 a composite number?
False
Let d = 77376 - -1441. Is d composite?
True
Suppose 42*q + 88051 = 4*s + 39*q, -10 = 2*q. Is s prime?
False
Let t = 81998 - -18494. Suppose -26*h = -54*h + t. Is h composite?
True
Let j(n) = -211 - 219 + 0*n + 14*n**3 - 6*n + 429 - 2*n**2. Is j(3) a composite number?
True
Let w = -110 - -114. Suppose w*b + 2641 = 3*v, 3*v + b - 2328 - 338 = 0. Is v composite?
False
Suppose 0 = -h + 5, 11 = 2*l - 0*h + 3*h. Let f be (-25)/l*(-280)/(-2). Suppose 5*y - 8115 = f. Is y a prime number?
True
Let j(p) = 1 - 9*p + p**2 + 7 + 4*p**2 + 4. Is j(-13) composite?
True
Suppose 2*g = -2*g + 69220. Let b = g - 10956. Is b composite?
True
Let t(u) = 408*u**2 + 50*u. Let a be t(3). Let b = a + -1369. Is b composite?
True
Suppose 358 = -63*v + 62*v. Is (v/(-8))/(8/1952) prime?
False
Let q(u) = 2157*u**2 - 992*u**2 + 2041*u**2 + 3 - u. Let r be q(1). Suppose -1240 = 5*h + 4*i - 4441, -5*h + 3*i + r = 0. Is h composite?
False
Suppose 4*d = 3*q + 19721, d - 70*q = -67*q + 4919. Is d a prime number?
False
Let z(h) = 8*h - 1 - h**2 + 2*h**2 + 0. Let b be z(-6). Is ((-1354)/(-2))/(b + 14) prime?
True
Let r = 12442 + -30504. Is (r/55*-5)/(2/7) a prime number?
False
Is 9722*4*(12/72 + 1/(-24)) a prime number?
True
Let w = 7 + -4. Let b be 12/(-6) - (-7 - -1). Suppose 5*h - 3739 = r + w*r, b*h = -r + 3008. Is h a prime number?
True
Let v be ((-1)/1)/(12/24). Is v/3 + (10 - (-90167)/21) composite?
True
Suppose -6*d + 58 + 74 = 0. Suppose 15070 = d*c - 12*c. Is c composite?
True
Let s = 18409 + 80604. Is s composite?
False
Let m = -1319226 + 1928797. Is m a composite number?
False
Suppose -276 = 11*m - 1541. Is (-4)/(-6) + m*(-224)/(-42) composite?
True
Suppose 4*v + 4*c = 4, -v - 18*c = -19*c - 9. Let r(p) = 13*p**2 + 8*p - 6. Is r(v) composite?
False
Let v = 769 - 735. Suppose -279819 = -v*m + 190979. Is m composite?
True
Let u = 48400 - -17817. Is u composite?
True
Suppose 3*n = 8*i - 3254095, -4*i - 298*n + 1627055 = -297*n. Is i prime?
False
Let m(n) = 147*n**2 - 15*n + 6. Let g be m(-3). Let o = 3289 + g. Is o a prime number?
True
Suppose 5*p + 2*c = 29, 0 = -9*p + 7*p - c + 12. Suppose b = -p*r - 0 + 303, 6 = 3*r. Is b composite?
False
Let q(h) = 8335*h - 9927. Is q(86) composite?
False
Let l = 1065 + 1524. Suppose 0 = 5*p - 116 - l. Is p prime?
True
Let a(p) = p**2 - 34. Let o be a(6). Suppose 1545 = -o*l + 7325. Suppose 5*q - h - 1269 - 3525 = 0, 3*q - 4*h = l. Is q a prime number?
False
Suppose 10*p + 136 - 55226 = 0. Suppose -3*y + 6*m = 11*m - p, -1831 = -y - 3*m. Is y a composite number?
True
Suppose 28 = 4*k + 3*f, -k + 3*k + f - 12 = 0. Suppose 4*q - 728 = -5*p + 7*q, -p + k*q = -149. Is p composite?
True
Let w = -847483 + 1580666. Is w prime?
False
Suppose -14*x - 2*x = -3424. Suppose -4*r + 792 = -d, 2*r = -d + x + 188. Is r prime?
True
Suppose c = -5*y - 1333 + 348, 3*y + 2979 = -3*c. Let i be 14/10 + -7*18/315. Is 2*(c/(-2) - i) prime?
False
Suppose 2973*z = 2960*z + 9442771. Is z a composite number?
False
Suppose 2236 = -3*i - 2717. Let v = i + 2760. Is v composite?
False
Suppose -19 = 5*j + 26. Let t(v) = v**3 + 14*v**2 + 11*v + 25. Is t(j) prime?
True
Suppose -2*y + 0*y - 3*w = 149, 5*y = -3*w - 395. Let c = 599 - y. Is c a prime number?
False
Let h(j) = -78*j**2 - 14*j + 41. Let z(w) = 156*w**2 + 28*w - 83. Let k(o) = 11*h(o) + 6*z(o). Is k(-12) a composite number?
True
Suppose -27*z + 25 = -22*z. Suppose -z*p = -14558 + 3223. Is p prime?
True
Let o be 4 - (0/1)/5. Let k be 22590/(-15)*(-2)/o. Suppose 5*b - 2*b = k. Is b prime?
True
Let l(z) = 3*z**2 + 8*z - 9. Let q(a) = -2*a**2 - 7*a + 8. Let o(k) = 3*l(k) + 4*q(k). Let h be o(9). Let g = h + 95. Is g composite?
True
Let a(l) = 22700*l**3 - 72*l**2 + 141*l + 12. Is a(2) a prime number?
False
Let q(m) be the first derivative of m**4/4 - m**3/3 + 4*m**2 - 16*m + 2. Let d = -2723 + 2730. Is q(d) a composite number?
True
Let n(v) = 96*v**2 + 30*v + 335. Is n(31) prime?
False
Suppose 6*m = -3*q + 791631, -62*q + 66*q - 2*m - 1055488 = 0. Is q a composite number?
True
Let t(f) = 6*f**3 - 6*f**2 - 12*f - 19. Suppose 27 = 15*h - 12*h - o, -5*o + 15 = 0. Is t(h) a composite number?
False
Let b(o) = 6*o + 120. Let n be b(0). Suppose 12 = 6*f - 3*f, 0 = 2*g - 4*f - n. Suppose -g = l - 3*l. Is l composite?
True
Let l = -122495 + 224746. Is l a composite number?
False
Suppose 5*a + 24636108 = 80*a + 9*a. Is a a composite number?
True
Suppose 8170*t - 8126*t = 5156932. Is t a prime number?
True
Let l(q) = -25*q**2 + 16*q - 15. Let g be l(1). Let t(u) = u**3 + 33*u**2 - 13 - 4 - 10*u**2 - 46*u. Is t(g) a composite number?
True
Let n(y) = 293*y + 4. Suppose 0 = 4*d - 29 + 45. Let p(u) = 292*u + 4. Let q(s) = d*p(s) + 5*n(s). Is q(3) prime?
False
Let m(x) = -x**3 + 60*x**2 - 114*x - 114. Let o be m(58). Let l(v) = -4392*v - 4. Let q be l(-4). Suppose o*z - q = -2*z. Is z a prime number?
True
Let p = -145 - -147. Suppose 3*c - 2*c + 1164 = p*h, 4*h = 3*c + 2326. Is h composite?
True
Is (41/82)/((-2)/(-722066 + -2)) a composite number?
True
Let v be ((-6)/(-8))/(27/72). Suppose -5*y = v + 3, 3*s - 7796 = -y. Is s prime?
False
Let n be 4/(-8)*-8 + 13919. Let f = n + -6980. Is f a prime number?
False
Let f(h) = 8126*h**2 + 15*h + 24. Let y be f(-2). Suppose 12083 - y = -15*p. Is p composite?
False
Let p(z) = 5*z**3 - 35*z**2 - 32*z - 167. Is p(18) a prime number?
True
Suppose 13*q = 3*u + 11*q, -u = -q. Let s(c) = c**3 + 4*c**2 - 2*c + 673. Is s(u) prime?
True
Suppose 280338 - 56116 + 48634 = 24*r. Is r a composite number?
False
Let d = 89921 + -61644. Is d a composite number?
False
Is (18796 - 159)*2/(2/1) prime?
True
Let r = 65157 + -20718. Suppose -2*n + h + r = 0, 5*n - 5*h - 44443 = 3*n. Is n prime?
False
Let s = 895450 + -592769. Is s a composite number?
False
Let m(x) be the second derivative of -x**5/4 + x**4/12 + x**3 - x**2/2 + 31*x. Is m(-4) composite?
False
Let v be (1 - 1)/(22 - 23). Suppose -7*f = -10*f + 2*s + 10735, 5*f + 3*s - 17898 = v. Is f a prime number?
False
Suppose -4*m + 8066284 = 4*b, -m = 11*b - 7*b - 8066302. Is b prime?
True
Let m be (-2 + 4 + 0)*20/8. Suppose -4*n + 0*a + a - 4 = 0, 0 = -m*n - 4*a + 16. Let h(t) = 2*t**2 + 1043. Is h(n) prime?
False
Let w(m) = 286*m**2 - 7*m - 43. Let d be w(-4). Suppose 5*o - 6*o = -d. Is o a prime number?
True
Let a(t) = -37318*t + 417. Is a(-4) prime?
True
Let c(a) = -47*a**2 - 2*a + 5. Let d be c(-4). Let p = 2267 - 3973. Let w = d - p. Is w prime?
True
Let y(d) = -1384*d + 63. Let o(z) = 1383*z - 65. Let f(i) = 4*o(i) + 5*y(i). Is f(-5) a composite number?
True
Suppose -5*s = 20, 4*x - 28 = -3*s + 7*s. Let o(t) = 5*t + 272*t**2 - 6 + 49*t**2 - 13 - 6. Is o(x) a prime number?
True
Let x = 25 - 61. Let z = x - -35. Is 293*(6/3 + z) a prime number?
True
Suppose -4*l - 134*s = -136*s - 3109360, -l = -3*s - 777325. Is l a prime number?
False
Suppose 116*c - 34573235 - 7016361 = 0. Is c composite?
False
Suppose -33841 = -11*k - 1461 + 79105. Is k a composite number?
True
Let n(h) = -3309*h. Let c be n(-1). Suppose 4*o - 3363 = -4*r + c, 2*o + 4*r - 3330 = 0. Is o a prime number?
False
Let q(n) = -219*n + 15. Suppose -8*p + 40 = -16. Let t(l) = -109*l + 7. Let b(r) = p*t(r) - 4*q(r). Is b(5) composite?
True
Let n = -3 - -260. Suppose 19*a + n = 20*a. Is a a prime number?
True
Suppose -3*w = c, -2*w = -2*c - 0*c. Suppose w = h - 2308 - 1617. Suppose 0 = 2*i + 3*i - h. Is i a composite number?
True
Let w(t) = 188*t**2 - 6*t + 20. Let x be w(6). Suppose u - 4111 - x = -2*f, 2*f - 10845 = 5*u. Suppose 5*i = 11*i - f. Is i a composite number?
True
Let k(y) = -601*y**3 + 12*y**2 +